{"id":17118,"date":"2020-11-28T15:10:37","date_gmt":"2020-11-28T08:10:37","guid":{"rendered":"https:\/\/reti.vn\/blog\/?page_id=17118"},"modified":"2021-02-01T15:39:38","modified_gmt":"2021-02-01T08:39:38","slug":"ma-tu-van-va-phat-trien-quy-dat","status":"publish","type":"page","link":"https:\/\/reti.vn\/blog\/ma-tu-van-va-phat-trien-quy-dat\/","title":{"rendered":"M&#038;A t\u01b0 v\u1ea5n v\u00e0 ph\u00e1t tri\u1ec3n qu\u1ef9 \u0111\u1ea5t"},"content":{"rendered":"\n<div class=\"wp-block-cover alignfull is-position-center-center lazyload\" style=\"background-image:inherit;min-height:375px;aspect-ratio:unset;\" data-bg-image=\"url(https:\/\/reti.vn\/blog\/wp-content\/uploads\/2020\/11\/image-1-2-1.png)\"><div class=\"wp-block-cover__inner-container is-layout-flow wp-block-cover-is-layout-flow\">\n<h1 class=\"has-text-align-center wp-block-heading\">RETI &#8211; T\u01b0 v\u1ea5n &amp; ph\u00e1t tri\u1ec3n d\u1ef1 \u00e1n<\/h1>\n<\/div><\/div>\n\n\n\n<div class=\"wp-block-columns margin-am is-layout-flex wp-container-core-columns-is-layout-9d6595d7 wp-block-columns-is-layout-flex\">\n<div class=\"wp-block-column khoi-margin-am is-layout-flow wp-block-column-is-layout-flow\">\n<h2 class=\"has-text-align-center wp-block-heading\"><strong>T\u01b0 v\u1ea5n v\u00e0 ph\u00e1t tri\u1ec3n d\u1ef1 \u00e1n<\/strong><\/h2>\n\n\n\n<p class=\"has-text-align-center\">S\u1edf h\u1eefu ngu\u1ed3n c\u01a1 s\u1edf d\u1eef li\u1ec7u B\u0110S c\u1eadp nh\u1eadt li\u00ean t\u1ee5c theo th\u1ef1c t\u1ebf th\u1ecb tr\u01b0\u1eddng, c\u00f9ng \u0111\u1ed9i ng\u0169 chuy\u00ean gia gi\u00e0u kinh nghi\u1ec7m, RETI s\u1ebd \u0111\u1ed3ng h\u00e0nh v\u1edbi ch\u1ee7 \u0111\u1ea7u t\u01b0 t\u1eeb b\u01b0\u1edbc l\u00ean \u00fd t\u01b0\u1edfng ph\u00e1t tri\u1ec3n, \u0111\u1ea7u t\u01b0 d\u1ef1 \u00e1n \u0111\u1ebf chi\u1ebfn l\u01b0\u1ee3c ti\u1ebfp th\u1ecb \u2013 ph\u00e2n ph\u1ed1i.<br>\u0110i\u1ec3m kh\u00e1c bi\u1ec7t c\u1ee7a RETI l\u00e0 \u1ee9ng d\u1ee5ng c\u00f4ng ngh\u1ec7 v\u00e0o c\u00e1c gi\u1ea3i ph\u00e1p t\u01b0 v\u1ea5n \u2013 qu\u1ea3n l\u00fd b\u00e1n h\u00e0ng, gi\u00fap ch\u1ee7 \u0111\u1ea7u t\u01b0 ph\u00e1t tri\u1ec3n d\u1ef1 \u00e1n \u0111\u1ea1t hi\u1ec7u qu\u1ea3 cao nh\u1ea5t.<\/p>\n\n\n\n<figure class=\"wp-block-image size-large\"><img decoding=\"async\" width=\"1024\" height=\"567\" data-src=\"https:\/\/reti.vn\/blog\/wp-content\/uploads\/2020\/11\/sunshine-city-banner-1-1024x567-1.jpg\" alt=\"\" class=\"wp-image-17119 lazyload\" data-srcset=\"https:\/\/reti.vn\/blog\/wp-content\/uploads\/2020\/11\/sunshine-city-banner-1-1024x567-1.jpg 1024w, https:\/\/reti.vn\/blog\/wp-content\/uploads\/2020\/11\/sunshine-city-banner-1-1024x567-1-300x166.jpg 300w, https:\/\/reti.vn\/blog\/wp-content\/uploads\/2020\/11\/sunshine-city-banner-1-1024x567-1-768x425.jpg 768w, https:\/\/reti.vn\/blog\/wp-content\/uploads\/2020\/11\/sunshine-city-banner-1-1024x567-1-150x83.jpg 150w, https:\/\/reti.vn\/blog\/wp-content\/uploads\/2020\/11\/sunshine-city-banner-1-1024x567-1-696x385.jpg 696w\" data-sizes=\"(max-width: 1024px) 100vw, 1024px\" src=\"data:image\/svg+xml;base64,PHN2ZyB3aWR0aD0iMSIgaGVpZ2h0PSIxIiB4bWxucz0iaHR0cDovL3d3dy53My5vcmcvMjAwMC9zdmciPjwvc3ZnPg==\" style=\"--smush-placeholder-width: 1024px; --smush-placeholder-aspect-ratio: 1024\/567;\" \/><\/figure>\n<\/div>\n<\/div>\n\n\n\n<div class=\"wp-block-cover alignfull has-background-dim-20 has-background-dim is-position-center-center lazyload\" style=\"background-image:inherit;min-height:160px;background-position:100% 100%;aspect-ratio:unset;\" data-bg-image=\"url(https:\/\/reti.vn\/blog\/wp-content\/uploads\/2020\/11\/image-1-2-1.png)\"><div class=\"wp-block-cover__inner-container is-layout-flow wp-block-cover-is-layout-flow\">\n<p class=\"has-text-align-center\" style=\"font-size:29px\"><strong>&#8221; Tr\u1edf th\u00e0nh \u0111\u1ea1i l\u00fd c\u1ee7a RETI. Ngh\u0129a l\u00e0 b\u1ea1n tr\u1edf th\u00e0nh m\u1ed9t RETIAN &#8220;<\/strong><\/p>\n<\/div><\/div>\n\n\n\n<div class=\"wp-block-columns is-layout-flex wp-container-core-columns-is-layout-9d6595d7 wp-block-columns-is-layout-flex\">\n<div class=\"wp-block-column is-layout-flow wp-block-column-is-layout-flow\">\n<h2 class=\"has-text-align-center wp-block-heading\"><strong>C\u00e1c d\u1ecbch v\u1ee5 m\u00e0<br>RETI cung c\u1ea5p<\/strong><\/h2>\n\n\n\n<div class=\"wp-block-columns is-layout-flex wp-container-core-columns-is-layout-9d6595d7 wp-block-columns-is-layout-flex\">\n<div class=\"wp-block-column is-layout-flow wp-block-column-is-layout-flow\">\n<div class=\"wp-block-image\"><figure class=\"aligncenter size-large\"><img decoding=\"async\" width=\"75\" height=\"75\" data-src=\"https:\/\/reti.vn\/blog\/wp-content\/uploads\/2020\/11\/capital-1-1.png\" alt=\"\" class=\"wp-image-17128 lazyload\" src=\"data:image\/svg+xml;base64,PHN2ZyB3aWR0aD0iMSIgaGVpZ2h0PSIxIiB4bWxucz0iaHR0cDovL3d3dy53My5vcmcvMjAwMC9zdmciPjwvc3ZnPg==\" style=\"--smush-placeholder-width: 75px; --smush-placeholder-aspect-ratio: 75\/75;\"><\/figure><\/div>\n\n\n\n<p class=\"has-text-align-center\">T\u01af V\u1ea4N V\u00c0 PH\u00c1T TRI\u1ec2N<br>S\u1ea2N PH\u1ea8M B\u0110S<\/p>\n<\/div>\n\n\n\n<div class=\"wp-block-column is-layout-flow wp-block-column-is-layout-flow\">\n<div class=\"wp-block-image\"><figure class=\"aligncenter size-large\"><img decoding=\"async\" width=\"75\" height=\"75\" data-src=\"https:\/\/reti.vn\/blog\/wp-content\/uploads\/2020\/11\/capital-venture-1-2.png\" alt=\"\" class=\"wp-image-17127 lazyload\" src=\"data:image\/svg+xml;base64,PHN2ZyB3aWR0aD0iMSIgaGVpZ2h0PSIxIiB4bWxucz0iaHR0cDovL3d3dy53My5vcmcvMjAwMC9zdmciPjwvc3ZnPg==\" style=\"--smush-placeholder-width: 75px; --smush-placeholder-aspect-ratio: 75\/75;\"><\/figure><\/div>\n\n\n\n<p class=\"has-text-align-center\">T\u01af V\u1ea4N X\u00c1C \u0110\u1ecaNH LO\u1ea0I H\u00ccNH<br>QUY M\u00d4 PH\u00c1T TRI\u1ec2N<\/p>\n<\/div>\n\n\n\n<div class=\"wp-block-column is-layout-flow wp-block-column-is-layout-flow\">\n<div class=\"wp-block-image\"><figure class=\"aligncenter size-large\"><img decoding=\"async\" width=\"75\" height=\"75\" data-src=\"https:\/\/reti.vn\/blog\/wp-content\/uploads\/2020\/11\/contract-1.png\" alt=\"\" class=\"wp-image-17129 lazyload\" src=\"data:image\/svg+xml;base64,PHN2ZyB3aWR0aD0iMSIgaGVpZ2h0PSIxIiB4bWxucz0iaHR0cDovL3d3dy53My5vcmcvMjAwMC9zdmciPjwvc3ZnPg==\" style=\"--smush-placeholder-width: 75px; --smush-placeholder-aspect-ratio: 75\/75;\"><\/figure><\/div>\n\n\n\n<p class=\"has-text-align-center\">T\u01af V\u1ea4N TH\u1ef0C HI\u1ec6N TH\u1ee6 T\u1ee4C PH\u00c1P L\u00dd<br>D\u1ef0 \u00c1N \u0110\u1ec2 TRI\u1ec2N KHAI B\u00c1N H\u00c0NG<\/p>\n<\/div>\n<\/div>\n\n\n\n<div class=\"wp-block-columns is-layout-flex wp-container-core-columns-is-layout-9d6595d7 wp-block-columns-is-layout-flex\">\n<div class=\"wp-block-column is-layout-flow wp-block-column-is-layout-flow\">\n<div class=\"wp-block-image\"><figure class=\"aligncenter size-large\"><img decoding=\"async\" width=\"75\" height=\"75\" data-src=\"https:\/\/reti.vn\/blog\/wp-content\/uploads\/2020\/11\/investment-1.png\" alt=\"\" class=\"wp-image-17130 lazyload\" src=\"data:image\/svg+xml;base64,PHN2ZyB3aWR0aD0iMSIgaGVpZ2h0PSIxIiB4bWxucz0iaHR0cDovL3d3dy53My5vcmcvMjAwMC9zdmciPjwvc3ZnPg==\" style=\"--smush-placeholder-width: 75px; --smush-placeholder-aspect-ratio: 75\/75;\"><\/figure><\/div>\n\n\n\n<p class=\"has-text-align-center\">KH\u1ea2O S\u00c1T TH\u1eca TR\u01af\u1edcNG V\u00c0 T\u01af V\u1ea4N<br>CH\u00cdNH S\u00c1CH, GI\u00c1 B\u00c1N PH\u00d9 H\u1ee2P<\/p>\n<\/div>\n\n\n\n<div class=\"wp-block-column is-layout-flow wp-block-column-is-layout-flow\">\n<div class=\"wp-block-image\"><figure class=\"aligncenter size-large\"><img decoding=\"async\" width=\"75\" height=\"75\" data-src=\"https:\/\/reti.vn\/blog\/wp-content\/uploads\/2020\/11\/service-1.png\" alt=\"\" class=\"wp-image-17131 lazyload\" src=\"data:image\/svg+xml;base64,PHN2ZyB3aWR0aD0iMSIgaGVpZ2h0PSIxIiB4bWxucz0iaHR0cDovL3d3dy53My5vcmcvMjAwMC9zdmciPjwvc3ZnPg==\" style=\"--smush-placeholder-width: 75px; --smush-placeholder-aspect-ratio: 75\/75;\"><\/figure><\/div>\n\n\n\n<p class=\"has-text-align-center\">X\u00c2Y D\u1ef0NG CHI\u1ebeN L\u01af\u1ee2C KINH<br>DOANH, PH\u00c2N PH\u1ed0I V\u00c0 QU\u1ea2NG B\u00c1<\/p>\n<\/div>\n<\/div>\n\n\n\n<p><\/p>\n<\/div>\n<\/div>\n\n\n\n<div class=\"wp-block-columns is-layout-flex wp-container-core-columns-is-layout-9d6595d7 wp-block-columns-is-layout-flex\">\n<div class=\"wp-block-column is-layout-flow wp-block-column-is-layout-flow\">\n<h2 class=\"has-text-align-center wp-block-heading\"><strong>G\u1eb7p g\u1ee1 chi\u1ebfn l\u01b0\u1ee3c gia<br>c\u1ee7a RETI<\/strong><\/h2>\n\n\n\n<div class=\"swiper-container\">\n  <div class=\"swiper-wrapper\">\n\n    <!--Slide \u0111\u1ea7u ti\u00ean-->\n    <div class=\"swiper-slide\">\n        <div class=\"row\">\n            <div class=\"column-50\">\n                <img decoding=\"async\" data-src=\"https:\/\/reti.vn\/blog\/wp-content\/uploads\/2020\/10\/hung-testimonia-1l.jpg\" alt=\"Anh-Hung-chuyen-vien\" style=\"--smush-placeholder-width: 1280px; --smush-placeholder-aspect-ratio: 1280\/1280;width: 100%;\" src=\"data:image\/svg+xml;base64,PHN2ZyB3aWR0aD0iMSIgaGVpZ2h0PSIxIiB4bWxucz0iaHR0cDovL3d3dy53My5vcmcvMjAwMC9zdmciPjwvc3ZnPg==\" class=\"lazyload\">\n            <\/div>\n            <div class=\"column-50\">\n               <div class=\"banner\">\n                <h2>Nguy\u1ec5n Duy H\u01b0ng<\/h2>\n                <h3>Chuy\u00ean vi\u00ean kinh doanh B\u0110S<\/h3>\n                <p>Tham gia v\u00e0o RETI t\u1eeb th\u00e1ng 8\/2019 &#8211; Giao d\u1ecbch trong n\u0103m 2019 35,5 t\u1ec9<\/p>\n                <p>S\u1ed1 l\u01b0\u1ee3ng giao d\u1ecbch: 7<\/p>   \n                <hr style=\"width:60%\">\n                <p style=\"padding:10px;\">\nT\u00f4i \u0111\u00e1nh gi\u00e1 cao nh\u1eefng g\u00ec m\u00e0 Co-founder v\u00e0 CEO c\u1ee7a RETI \u0111\u00e3 ph\u00e1t\ntri\u1ec3n \u2013 m\u1ed9t h\u1ec7 th\u1ed1ng k\u1ebft n\u1ed1i t\u1ea5t c\u1ea3 nh\u1eefng m\u00f4i gi\u1edbi l\u1ea1i v\u1edbi nhau, \u0111\u1ec3 c\u00f9ng\nnhau tr\u1edf th\u00e0nh nh\u1eefng nh\u00e0 ph\u00e2n ph\u1ed1i t\u1ed1t nh\u1ea5t trong kh\u1ea3 n\u0103ng c\u1ee7a m\u00ecnh.\nT\u00f4i th\u1ef1c s\u1ef1 \u1ea5n t\u01b0\u1ee3ng v\u1edbi t\u1ea7m nh\u00ecn c\u1ee7a h\u1ecd v\u00e0 t\u00f4i tin r\u1eb1ng RETI ho\u00e0n to\u00e0n\nc\u00f3 th\u1ec3 tr\u1edf th\u00e0nh m\u1ed9t Amazon c\u1ee7a B\u0110S.\nGi\u1edd \u0111\u00e2y t\u00f4i c\u00f3 th\u1ec3 t\u1eadp trung ho\u00e0n to\u00e0n th\u1eddi gian c\u1ee7a m\u00ecnh v\u00e0o vi\u1ec7c\nch\u0103m s\u00f3c v\u00e0 t\u01b0 v\u1ea5n kh\u00e1ch h\u00e0ng s\u1eb5n c\u00f3 trong h\u1ec7 th\u1ed1ng, thay v\u00ec ph\u00e2n b\u1ed5\nth\u1eddi gian l\u00e0m t\u1ea5t c\u1ea3 m\u1ecdi vi\u1ec7c nh\u01b0 tr\u01b0\u1edbc kia: \u0111i t\u00ecm ki\u1ebfm s\u1ea3n ph\u1ea9m,\ntruy\u1ec1n th\u00f4ng, qu\u1ea3ng c\u00e1o,\u2026<\/p>\n               <\/div> \n            <\/div>\n          <\/div>\n    <\/div>\n    <!--Slide th\u1ee9 2-->\n    <div class=\"swiper-slide\">\n        <div class=\"row\">\n            <div class=\"column-50\">\n                <img decoding=\"async\" data-src=\"https:\/\/reti.vn\/blog\/wp-content\/uploads\/2020\/10\/chung-testimonial.jpg\" alt=\"Anh-khanh-chuyen-vien\" style=\"--smush-placeholder-width: 1280px; --smush-placeholder-aspect-ratio: 1280\/1280;width: 100%;\" src=\"data:image\/svg+xml;base64,PHN2ZyB3aWR0aD0iMSIgaGVpZ2h0PSIxIiB4bWxucz0iaHR0cDovL3d3dy53My5vcmcvMjAwMC9zdmciPjwvc3ZnPg==\" class=\"lazyload\">\n            <\/div>\n            <div class=\"column-50\">\n               <div class=\"banner\">\n                <h2>\u0110\u1ed7 Th\u00e0nh Chung<\/h2>\n                <h3>C\u1ed1 v\u1ea5n c\u1ea5p cao<\/h3>\n                <p>Tham gia v\u00e0o RETI t\u1eeb th\u00e1ng 4\/2019 &#8211; Giao d\u1ecbch trong n\u0103m 2019: 11,5 t\u1ef7<\/p>\n                <p>S\u1ed1 l\u01b0\u1ee3ng giao d\u1ecbch: 7<\/p>\n                <p>V\u1edbi RETI ch\u00fang t\u00f4i c\u00f3 m\u1ed9t h\u1ec7 th\u1ed1ng \u0111\u1ea1i l\u00fd ch\u00e2n r\u1ebft m\u1ea1nh m\u1ebd tr\u00ean kh\u1eafp c\u1ea3 n\u01b0\u1edbc<\/p>     \n                <hr style=\"width:60%\">\n                <p style=\"padding:10px\">\nT\u00f4i v\u1ed1n l\u00e0 m\u1ed9t c\u1ed1 v\u1ea5n t\u1ef1 ch\u1ee7, kh\u00f4ng l\u00e0m vi\u1ec7c cho m\u1ed9t t\u1ed5 ch\u1ee9c c\u1ee5 th\u1ec3\nn\u00e0o cho t\u1edbi khi g\u1eb7p CEO c\u1ee7a RETI, t\u00f4i b\u1ecb thuy\u1ebft ph\u1ee5c ho\u00e0n to\u00e0n tr\u01b0\u1edbc\nnh\u1eefng g\u00ec h\u1ecd \u0111ang c\u1ed1 g\u1eafng th\u1ef1c hi\u1ec7n. Ngay kho\u1ea3nh kh\u1eafc \u0111\u00f3, t\u00f4i \u0111\u00e3\nquy\u1ebft \u0111\u1ecbnh tham gia v\u00e0o RETI. H\u1ea7u h\u1ebft c\u00e1c kh\u00e1ch h\u00e0ng \u0111\u1ec1u mu\u1ed1n bi\u1ebft\ndanh s\u00e1ch s\u1ea3n ph\u1ea9m ph\u00f9 h\u1ee3p v\u1edbi nhu c\u1ea7u c\u1ee7a h\u1ecd m\u00e0 b\u1ea1n c\u00f3 th\u1ec3 cung\nc\u1ea5p. V\u1edbi RETI, ch\u00fang t\u00f4i \u0111\u00e3 c\u00f3 m\u1ed9t h\u1ec7 th\u1ed1ng \u0111\u1ea1i l\u00fd ch\u00e2n r\u1ebft m\u1ea1nh m\u1ebd\ntr\u00ean kh\u1eafp c\u1ea3 n\u01b0\u1edbc.<\/p>\n               <\/div> \n            <\/div>\n          <\/div>\n    <\/div>\n\n    <!--Slide th\u1ee9 3-->\n    <div class=\"swiper-slide\">\n        <div class=\"row\">\n            <div class=\"column-50\">\n                <img decoding=\"async\" data-src=\"https:\/\/reti.vn\/blog\/wp-content\/uploads\/2020\/06\/a-Kh\u00e1nh-e1593578308574.jpg\" alt=\"Anh-khanh-chuyen-vien\" style=\"--smush-placeholder-width: 580px; --smush-placeholder-aspect-ratio: 580\/540;width: 100%;\" src=\"data:image\/svg+xml;base64,PHN2ZyB3aWR0aD0iMSIgaGVpZ2h0PSIxIiB4bWxucz0iaHR0cDovL3d3dy53My5vcmcvMjAwMC9zdmciPjwvc3ZnPg==\" class=\"lazyload\">\n            <\/div>\n            <div class=\"column-50\">\n               <div class=\"banner\">\n                <h2>Cao Duy Kh\u00e1nh<\/h2>\n                <h3>Tr\u01b0\u1edfng ph\u00f2ng kinh doanh<\/h3>     \n                <hr style=\"width:60%\">\n                <p style=\"padding:10px\">\nT\u00f4i \u0111\u00e1nh gi\u00e1 cao nh\u1eefng g\u00ec m\u00e0 Co-founder v\u00e0 CEO c\u1ee7a RETI \u0111\u00e3 ph\u00e1t\ntri\u1ec3n \u2013 m\u1ed9t h\u1ec7 th\u1ed1ng k\u1ebft n\u1ed1i t\u1ea5t c\u1ea3 nh\u1eefng m\u00f4i gi\u1edbi l\u1ea1i v\u1edbi nhau, \u0111\u1ec3 c\u00f9ng\nnhau tr\u1edf th\u00e0nh nh\u1eefng nh\u00e0 ph\u00e2n ph\u1ed1i t\u1ed1t nh\u1ea5t trong kh\u1ea3 n\u0103ng c\u1ee7a m\u00ecnh.\nT\u00f4i th\u1ef1c s\u1ef1 \u1ea5n t\u01b0\u1ee3ng v\u1edbi t\u1ea7m nh\u00ecn c\u1ee7a h\u1ecd v\u00e0 t\u00f4i tin r\u1eb1ng RETI ho\u00e0n to\u00e0n\nc\u00f3 th\u1ec3 tr\u1edf th\u00e0nh m\u1ed9t Amazon c\u1ee7a B\u0110S.\nGi\u1edd \u0111\u00e2y t\u00f4i c\u00f3 th\u1ec3 t\u1eadp trung ho\u00e0n to\u00e0n th\u1eddi gian c\u1ee7a m\u00ecnh v\u00e0o vi\u1ec7c\nch\u0103m s\u00f3c v\u00e0 t\u01b0 v\u1ea5n kh\u00e1ch h\u00e0ng s\u1eb5n c\u00f3 trong h\u1ec7 th\u1ed1ng, thay v\u00ec ph\u00e2n b\u1ed5\nth\u1eddi gian l\u00e0m t\u1ea5t c\u1ea3 m\u1ecdi vi\u1ec7c nh\u01b0 tr\u01b0\u1edbc kia: \u0111i t\u00ecm ki\u1ebfm s\u1ea3n ph\u1ea9m,\ntruy\u1ec1n th\u00f4ng, qu\u1ea3ng c\u00e1o,\u2026<\/p>\n               <\/div> \n            <\/div>\n          <\/div>\n    <\/div>\n\n\n  <\/div>\n  <!-- Add Arrows -->\n  <div class=\"swiper-button-next\"><\/div>\n  <div class=\"swiper-button-prev\"><\/div>\n<\/div>\n  <script>\n    var swiper = new Swiper('.swiper-container', {\n      navigation: {\n        nextEl: '.swiper-button-next',\n        prevEl: '.swiper-button-prev',\n      },\n    });\n  <\/script>\n\n\n\n<div style=\"height:150px\" aria-hidden=\"true\" class=\"wp-block-spacer\"><\/div>\n\n\n\n<p><\/p>\n<\/div>\n<\/div>\n\n\n\n<div class=\"wp-block-columns is-layout-flex wp-container-core-columns-is-layout-9d6595d7 wp-block-columns-is-layout-flex\">\n<div class=\"wp-block-column is-layout-flow wp-block-column-is-layout-flow\">\n<div class=\"wp-block-columns alignwide khoi-margin-am is-layout-flex wp-container-core-columns-is-layout-9d6595d7 wp-block-columns-is-layout-flex\">\n<div class=\"wp-block-column is-layout-flow wp-block-column-is-layout-flow\">\n<h2 class=\"has-text-align-center wp-block-heading\">\u0110\u0103ng k\u00fd nh\u1eadn t\u01b0 v\u1ea5n ngay <\/h2>\n\n\n\n<div class=\"wp-block-group\"><div class=\"wp-block-group__inner-container is-layout-flow wp-block-group-is-layout-flow\">\n<div class=\"wp-block-contact-form-7-contact-form-selector\">\n<div class=\"wpcf7 no-js\" id=\"wpcf7-f17028-o1\" lang=\"vi\" dir=\"ltr\" data-wpcf7-id=\"17028\">\n<div class=\"screen-reader-response\"><p role=\"status\" aria-live=\"polite\" aria-atomic=\"true\"><\/p> <ul><\/ul><\/div>\n<form action=\"\/blog\/wp-json\/wp\/v2\/pages\/17118#wpcf7-f17028-o1\" method=\"post\" class=\"wpcf7-form init\" aria-label=\"Form li\u00ean h\u1ec7\" novalidate=\"novalidate\" data-status=\"init\">\n<fieldset class=\"hidden-fields-container\"><input type=\"hidden\" name=\"_wpcf7\" value=\"17028\" \/><input type=\"hidden\" name=\"_wpcf7_version\" value=\"6.1.5\" \/><input type=\"hidden\" name=\"_wpcf7_locale\" value=\"vi\" \/><input type=\"hidden\" name=\"_wpcf7_unit_tag\" value=\"wpcf7-f17028-o1\" \/><input type=\"hidden\" name=\"_wpcf7_container_post\" value=\"0\" \/><input type=\"hidden\" name=\"_wpcf7_posted_data_hash\" value=\"\" \/><input type=\"hidden\" name=\"_wpcf7_recaptcha_response\" value=\"\" \/>\n<\/fieldset>\n<p><span class=\"wpcf7-form-control-wrap\" data-name=\"Hoten\"><input size=\"40\" maxlength=\"400\" class=\"wpcf7-form-control wpcf7-text wpcf7-validates-as-required\" aria-required=\"true\" aria-invalid=\"false\" placeholder=\"Ho\u0323 Va\u0300 T\u00ean\" value=\"\" type=\"text\" name=\"Hoten\" \/><\/span>\n<\/p>\n<p><span class=\"wpcf7-form-control-wrap\" data-name=\"Email\"><input size=\"40\" maxlength=\"400\" class=\"wpcf7-form-control wpcf7-email wpcf7-validates-as-required wpcf7-text wpcf7-validates-as-email\" aria-required=\"true\" aria-invalid=\"false\" placeholder=\"\u0110i\u0323a chi\u0309 Email\" value=\"\" type=\"email\" name=\"Email\" \/><\/span>\n<\/p>\n<p><span class=\"wpcf7-form-control-wrap\" data-name=\"Sodienthoai\"><input size=\"40\" maxlength=\"400\" class=\"wpcf7-form-control wpcf7-tel wpcf7-validates-as-required wpcf7-text wpcf7-validates-as-tel\" aria-required=\"true\" aria-invalid=\"false\" placeholder=\"S\u00f4\u0301 \u0110i\u00ea\u0323n Thoa\u0323i\" value=\"\" type=\"tel\" name=\"Sodienthoai\" \/><\/span>\n<\/p>\n<p><input class=\"wpcf7-form-control wpcf7-submit has-spinner\" type=\"submit\" value=\"G\u01b0\u0309i ngay\" \/>\n<\/p><div class=\"wpcf7-response-output\" aria-hidden=\"true\"><\/div>\n<\/form>\n<\/div>\n<\/div>\n<\/div><\/div>\n<\/div>\n<\/div>\n<\/div>\n<\/div>\n","protected":false},"excerpt":{"rendered":"<p>T\u01b0 v\u1ea5n v\u00e0 ph\u00e1t tri\u1ec3n d\u1ef1 \u00e1n S\u1edf h\u1eefu ngu\u1ed3n c\u01a1 s\u1edf d\u1eef li\u1ec7u B\u0110S c\u1eadp nh\u1eadt li\u00ean t\u1ee5c theo th\u1ef1c t\u1ebf th\u1ecb tr\u01b0\u1eddng, c\u00f9ng \u0111\u1ed9i ng\u0169 chuy\u00ean gia gi\u00e0u kinh nghi\u1ec7m, RETI s\u1ebd \u0111\u1ed3ng h\u00e0nh v\u1edbi ch\u1ee7 \u0111\u1ea7u t\u01b0 t\u1eeb b\u01b0\u1edbc l\u00ean \u00fd t\u01b0\u1edfng ph\u00e1t tri\u1ec3n, \u0111\u1ea7u t\u01b0 d\u1ef1 \u00e1n \u0111\u1ebf chi\u1ebfn l\u01b0\u1ee3c ti\u1ebfp [&hellip;]<\/p>\n","protected":false},"author":36,"featured_media":0,"parent":0,"menu_order":0,"comment_status":"closed","ping_status":"closed","template":"fullwidth-page.php","meta":{"tdm_status":"disabled","tdm_grid_status":"","footnotes":""},"class_list":["post-17118","page","type-page","status-publish"],"_links":{"self":[{"href":"https:\/\/reti.vn\/blog\/wp-json\/wp\/v2\/pages\/17118","targetHints":{"allow":["GET"]}}],"collection":[{"href":"https:\/\/reti.vn\/blog\/wp-json\/wp\/v2\/pages"}],"about":[{"href":"https:\/\/reti.vn\/blog\/wp-json\/wp\/v2\/types\/page"}],"author":[{"embeddable":true,"href":"https:\/\/reti.vn\/blog\/wp-json\/wp\/v2\/users\/36"}],"replies":[{"embeddable":true,"href":"https:\/\/reti.vn\/blog\/wp-json\/wp\/v2\/comments?post=17118"}],"version-history":[{"count":0,"href":"https:\/\/reti.vn\/blog\/wp-json\/wp\/v2\/pages\/17118\/revisions"}],"wp:attachment":[{"href":"https:\/\/reti.vn\/blog\/wp-json\/wp\/v2\/media?parent=17118"}],"curies":[{"name":"wp","href":"https:\/\/api.w.org\/{rel}","templated":true}]}}