{"id":4244,"date":"2020-05-12T02:42:31","date_gmt":"2020-05-12T02:42:31","guid":{"rendered":"https:\/\/reti.vn\/blog\/?page_id=4244"},"modified":"2020-08-15T14:51:39","modified_gmt":"2020-08-15T07:51:39","slug":"reti-ver-2","status":"publish","type":"page","link":"https:\/\/reti.vn\/blog\/reti-ver-2\/","title":{"rendered":"Reti ver 2"},"content":{"rendered":"<h1>N\u1ec0N T\u1ea2NG GIAO D\u1ecaCH B\u1ea4T \u0110\u1ed8NG S\u1ea2N TR\u1ef0C TUY\u1ebeN<br \/>\n\u0110\u1ea6U TI\u00caN T\u1ea0I VI\u1ec6T NAM<\/h1>\n<div class=\"youtube-embed\" data-video_id=\"itRq_xw1YB8\"><iframe title=\"Gi\u1ea3i ph\u00e1p to\u00e0n di\u1ec7n d\u00e0nh cho ch\u1ee7 \u0111\u1ea7u t\u01b0 b\u1ea5t \u0111\u1ed9ng s\u1ea3n\" width=\"696\" height=\"392\" data-src=\"https:\/\/www.youtube.com\/embed\/itRq_xw1YB8?feature=oembed&#038;enablejsapi=1\" frameborder=\"0\" allow=\"accelerometer; autoplay; clipboard-write; encrypted-media; gyroscope; picture-in-picture\" allowfullscreen src=\"data:image\/svg+xml;base64,PHN2ZyB3aWR0aD0iMSIgaGVpZ2h0PSIxIiB4bWxucz0iaHR0cDovL3d3dy53My5vcmcvMjAwMC9zdmciPjwvc3ZnPg==\" class=\"lazyload\" data-load-mode=\"1\"><\/iframe><\/div>\n<p><svg xmlns=\"http:\/\/www.w3.org\/2000\/svg\" width=\"30\" height=\"16\" viewBox=\"0 0 30 16\" fill=\"none\"><path d=\"M13.6015 15.4485L0.50644 2.47654C0.434092 2.41283 0.385859 2.34913 0.329588 2.27746C0.249201 2.18986 0.176852 2.09431 0.12862 1.99078C0.112542 1.95893 0.0964648 1.91912 0.0803873 1.8793C0.0401937 1.76782 0.0160775 1.65633 0.00803873 1.54485C0 1.50503 0 1.45725 0 1.40948C0 1.31392 0.0321549 1.21836 0.0562711 1.1228C0.0723486 1.07502 0.0803873 1.01132 0.104504 0.96354C0.168813 0.836129 0.249201 0.708719 0.361743 0.597235C0.643099 0.286673 1.06111 0.0637051 1.55148 0L28.5295 0.00796314C29.8398 0.00796314 30.4909 1.5767 29.5665 2.49246L16.4714 15.4644C15.7479 16.1891 14.3572 16.1731 13.6015 15.4485Z\" fill=\"#EF5B40\"><\/path><\/svg><\/p>\n<h2>Ch\u1ee7 \u0111\u1ea7u t\u01b0 B\u0110S c\u00f3 \u0111ang g\u1eb7p ph\u1ea3i c\u00e1c v\u1ea5n \u0111\u1ec1?<\/h2>\n<p>[elementor-template id=&#8221;4270&#8243;]<\/p>\n<h2>RETI c\u00f3 th\u1ec3 gi\u00fap ch\u1ee7 \u0111\u1ea7u t\u01b0 B\u0110S b\u1eb1ng c\u00e1ch n\u00e0o?<\/h2>\n<p>RETI cung c\u1ea5p gi\u1ea3i ph\u00e1p tr\u1ecdn g\u00f3i t\u1eeb A \u0111\u1ebfn Z d\u00e0nh cho c\u00e1c s\u00e0n\/\u0111\u1ea1i l\u00fd, m\u00f4i gi\u1edbi c\u00e1 nh\u00e2n v\u00e0 ch\u1ee7 \u0111\u1ea7u t\u01b0 B\u0110S, t\u1ed1i \u01b0u v\u00e0 t\u1ef1 \u0111\u1ed9ng ho\u00e1 c\u00e1c quy tr\u00ecnh &#8211; ho\u1ea1t \u0111\u1ed9ng, gi\u00fap ti\u1ebft ki\u1ec7m th\u1eddi gian, chi ph\u00ed, ngu\u1ed3n l\u1ef1c, gia t\u0103ng hi\u1ec7u qu\u1ea3 kinh doanh.<\/p>\n<p><img decoding=\"async\" data-src=\"https:\/\/reti.vn\/blog\/wp-content\/uploads\/elementor\/thumbs\/proptech-otr44ndce06gqgvldp3qrwbb2smnogdu1ikojdui9g.png\" title=\"\" alt=\"\" src=\"data:image\/svg+xml;base64,PHN2ZyB3aWR0aD0iMSIgaGVpZ2h0PSIxIiB4bWxucz0iaHR0cDovL3d3dy53My5vcmcvMjAwMC9zdmciPjwvc3ZnPg==\" class=\"lazyload\"><\/p>\n<h2>N\u1ec1n t\u1ea3ng c\u00f4ng ngh\u1ec7 th\u00f4ng minh d\u00e0nh ri\u00eang cho B\u0110S<\/h2>\n<p>Gi\u1ea3i ph\u00e1p c\u00f4ng ngh\u1ec7 c\u1ee7a RETI gi\u00fap doanh nghi\u1ec7p chuy\u1ec3n \u0111\u1ed5i &#8211; s\u1ed1 ho\u00e1 ho\u1ea1t \u0111\u1ed9ng kinh doanh l\u00ean c\u1ed5ng th\u00f4ng tin tr\u1ef1c tuy\u1ebfn. N\u1ec1n t\u1ea3ng CRM (TMS &#8211; Transaction Management Systems) c\u1ee7a RETI cung c\u1ea5p quy tr\u00ecnh l\u00e0m vi\u1ec7c li\u1ec1n m\u1ea1ch, qu\u1ea3n l\u00fd d\u1eef li\u1ec7u kh\u00e1ch h\u00e0ng, doanh thu, d\u00f2ng ti\u1ec1n b\u1eb1ng c\u00e1c dashboard khoa h\u1ecdc \u0111\u01b0\u1ee3c c\u1eadp nh\u1eadt ngay t\u1ee9c th\u00ec trong th\u1eddi gian th\u1ef1c.<\/p>\n<p><a href=\"https:\/\/reti.vn\/blog\/cong-nghe\/\" role=\"button\"><br \/>\nXem th\u00eam<br \/>\n<\/a><\/p>\n<h2>D\u1ecbch v\u1ee5 tr\u1ecdn g\u00f3i &#8211; Agency cho ng\u00e0nh B\u0110S<\/h2>\n<p>RETI t\u1eadp trung v\u00e0o vi\u1ec7c cung c\u1ea5p c\u00e1c chi\u1ebfn l\u01b0\u1ee3c truy\u1ec1n th\u00f4ng &#8211; qu\u1ea3ng c\u00e1o s\u1eed d\u1ee5ng c\u00f4ng ngh\u1ec7 s\u1ed1, data driven (d\u1eef li\u1ec7u \u0111\u1ecbnh h\u01b0\u1edbng) \u0111\u1ec3 t\u1ed1i \u01b0u v\u00e0 \u0111o l\u01b0\u1eddng ch\u00ednh x\u00e1c hi\u1ec7u qu\u1ea3. C\u00f9ng v\u1edbi s\u1ef1 th\u1ea5u hi\u1ec3u s\u00e2u s\u1eafc th\u1ecb tr\u01b0\u1eddng B\u0110S, \u0111\u1ed9i ng\u0169 chuy\u00ean gia c\u1ee7a RETI trong c\u00e1c l\u0129nh v\u1ef1c qu\u1ea3ng c\u00e1o, thi\u1ebft k\u1ebf, s\u1ea3n xu\u1ea5t n\u1ed9i dung,&#8230; s\u1ebd gi\u00fap ch\u1ee7 \u0111\u1ea7u t\u01b0 th\u1ef1c hi\u1ec7n t\u1ea5t c\u1ea3 c\u00e1c b\u01b0\u1edbc: t\u1eeb l\u00ean \u00fd t\u01b0\u1edfng, x\u00e2y d\u1ef1ng chi\u1ebfn l\u01b0\u1ee3c cho t\u1edbi tri\u1ec3n khai th\u1ef1c t\u1ebf, t\u1ed1i \u01b0u t\u1eebng ho\u1ea1t \u0111\u1ed9ng, \u0111em l\u1ea1i hi\u1ec7u qu\u1ea3 tr\u00ean c\u1ea3 mong \u0111\u1ee3i.<\/p>\n<p><a href=\"https:\/\/reti.vn\/blog\/marketing\/\" role=\"button\"><br \/>\nXem th\u00eam<br \/>\n<\/a><br \/>\n<img decoding=\"async\" data-src=\"https:\/\/reti.vn\/blog\/wp-content\/uploads\/elementor\/thumbs\/image-otr44ndce06gqgvldp3qrwbb2smnogdu1ikojdui9g.jpg\" title=\"\" alt=\"\" src=\"data:image\/svg+xml;base64,PHN2ZyB3aWR0aD0iMSIgaGVpZ2h0PSIxIiB4bWxucz0iaHR0cDovL3d3dy53My5vcmcvMjAwMC9zdmciPjwvc3ZnPg==\" class=\"lazyload\"><br \/>\n<img decoding=\"async\" data-src=\"https:\/\/reti.vn\/blog\/wp-content\/uploads\/elementor\/thumbs\/20191216-ServiceFutures-PropTech-van-stenen-en-geld-naar-technologie-voor-mensen-otr44ndce06gqgvldp3qrwbb2smnogdu1ikojdui9g.png\" title=\"\" alt=\"\" src=\"data:image\/svg+xml;base64,PHN2ZyB3aWR0aD0iMSIgaGVpZ2h0PSIxIiB4bWxucz0iaHR0cDovL3d3dy53My5vcmcvMjAwMC9zdmciPjwvc3ZnPg==\" class=\"lazyload\"><\/p>\n<h2>Chuy\u00ean gia ph\u00e1t tri\u1ec3n B\u0110S h\u00e0ng \u0111\u1ea7u<\/h2>\n<p>\u0110\u1ed9i ng\u0169 chuy\u00ean gia gi\u00e0u kinh nghi\u1ec7m c\u1ee7a RETI s\u1ebd \u0111\u1ed3ng h\u00e0nh v\u1edbi ch\u1ee7 \u0111\u1ea7u t\u01b0 t\u1eeb b\u01b0\u1edbc l\u00ean \u00fd t\u01b0\u1edfng ph\u00e1t tri\u1ec3n, ph\u01b0\u01a1ng h\u01b0\u1edbng \u0111\u1ea7u t\u01b0 d\u1ef1 \u00e1n, cho \u0111\u1ebfn chi\u1ebfn l\u01b0\u1ee3c ti\u1ebfp th\u1ecb &#8211; ph\u00e2n ph\u1ed1i. RETI b\u1eb1ng nh\u1eefng ph\u00e2n t\u00edch, \u0111\u00e1nh gi\u00e1 chuy\u00ean s\u00e2u s\u1ebd x\u00e1c \u0111\u1ecbnh chi\u1ebfn l\u01b0\u1ee3c ph\u00e1t tri\u1ec3n ph\u00f9 h\u1ee3p nh\u1ea5t cho t\u1eebng lo\u1ea1i h\u00ecnh B\u0110S, \u0111\u1ea3m b\u1ea3o hi\u1ec7u qu\u1ea3 \u0111\u1ea7u t\u01b0 t\u1ed1i \u01b0u cho ch\u1ee7 \u0111\u1ea7u t\u01b0.<\/p>\n<p><a href=\"https:\/\/reti.vn\/blog\/phat-trien-bds\/\" role=\"button\"><br \/>\nXem th\u00eam<br \/>\n<\/a><\/p>\n<h2>M\u1ea1ng l\u01b0\u1edbi ph\u00e2n ph\u1ed1i B\u0110S l\u1edbn m\u1ea1nh &#8211; RETIAN<\/h2>\n<p>S\u1edf h\u1eefu \u0111\u1ed9i ng\u0169 chuy\u00ean vi\u00ean t\u01b0 v\u1ea5n B\u0110S gi\u00e0u kinh nghi\u1ec7m th\u1ef1c chi\u1ebfn c\u00f9ng m\u1ea1ng l\u01b0\u1edbi \u0111\u1ea1i l\u00fd li\u00ean k\u1ebft, CTV m\u00f4i gi\u1edbi B\u0110S r\u1ed9ng kh\u1eafp, l\u1edbn m\u1ea1nh, RETI l\u00e0 c\u1ea7u n\u1ed1i gi\u00fap ch\u1ee7 \u0111\u1ea7u t\u01b0 \u0111\u01b0a c\u00e1c s\u1ea3n ph\u1ea9m B\u0110S nhanh ch\u00f3ng \u0111\u1ebfn \u0111\u01b0\u1ee3c kh\u00e1ch h\u00e0ng c\u00f3 nhu c\u1ea7u \u1edf m\u1ecdi mi\u1ec1n \u0111\u1ea5t n\u01b0\u1edbc. B\u1eb1ng vi\u1ec7c \u1ee9ng d\u1ee5ng c\u00f4ng ngh\u1ec7 th\u00f4ng minh v\u00e0o quy tr\u00ecnh b\u00e1n h\u00e0ng, ch\u1ee7 \u0111\u1ea7u t\u01b0 c\u00f3 th\u1ec3 ch\u1ee7 \u0111\u1ed9ng, to\u00e0n quy\u1ec1n theo d\u00f5i, qu\u1ea3n l\u00fd ho\u1ea1t \u0111\u1ed9ng kinh doanh c\u1ee7a t\u1eebng nh\u00e0 m\u00f4i gi\u1edbi.<\/p>\n<p><a href=\"https:\/\/reti.vn\/blog\/mang-luoi-phan-phoi\/\" role=\"button\"><br \/>\nXem th\u00eam<br \/>\n<\/a><br \/>\n<img decoding=\"async\" data-src=\"https:\/\/reti.vn\/blog\/wp-content\/uploads\/elementor\/thumbs\/technology-property-spi-1_a0d0-otr44ndce06gqgvldp3qrwbb2smnogdu1ikojdui3w.jpg\" title=\"\" alt=\"\" src=\"data:image\/svg+xml;base64,PHN2ZyB3aWR0aD0iMSIgaGVpZ2h0PSIxIiB4bWxucz0iaHR0cDovL3d3dy53My5vcmcvMjAwMC9zdmciPjwvc3ZnPg==\" class=\"lazyload\"><br \/>\n<svg xmlns=\"http:\/\/www.w3.org\/2000\/svg\" width=\"30\" height=\"16\" viewBox=\"0 0 30 16\" fill=\"none\"><path d=\"M13.6015 15.4485L0.50644 2.47654C0.434092 2.41283 0.385859 2.34913 0.329588 2.27746C0.249201 2.18986 0.176852 2.09431 0.12862 1.99078C0.112542 1.95893 0.0964648 1.91912 0.0803873 1.8793C0.0401937 1.76782 0.0160775 1.65633 0.00803873 1.54485C0 1.50503 0 1.45725 0 1.40948C0 1.31392 0.0321549 1.21836 0.0562711 1.1228C0.0723486 1.07502 0.0803873 1.01132 0.104504 0.96354C0.168813 0.836129 0.249201 0.708719 0.361743 0.597235C0.643099 0.286673 1.06111 0.0637051 1.55148 0L28.5295 0.00796314C29.8398 0.00796314 30.4909 1.5767 29.5665 2.49246L16.4714 15.4644C15.7479 16.1891 14.3572 16.1731 13.6015 15.4485Z\" fill=\"#EF5B40\"><\/path><\/svg><\/p>\n<h2>RETI ti\u00ean phong ph\u00e1t tri\u1ec3n B\u0110S<br \/>\nc\u00f4ng ngh\u1ec7 m\u1edbi<\/h2>\n<p>Th\u1ecb tr\u01b0\u1eddng B\u0110S \u0111ang ph\u00e1t tri\u1ec3n m\u1ea1nh m\u1ebd, ch\u1ee7 \u0111\u1ea7u t\u01b0 c\u1ea7n g\u00ec \u0111\u1ec3 c\u00f3 th\u1ec3 b\u1ee9t ph\u00e1 trong cu\u1ed9c \u0111ua gi\u00e0nh s\u1ef1 l\u1ef1a ch\u1ecdn c\u1ee7a kh\u00e1ch h\u00e0ng?<\/p>\n<p>K\u1ebft h\u1ee3p gi\u1eefa c\u00f4ng ngh\u1ec7 v\u00e0 s\u1ef1 s\u00e1ng t\u1ea1o c\u1ee7a \u0111\u1ed9i ng\u0169 chuy\u00ean gia \u0111\u1ea7u ng\u00e0nh, RETI x\u00e2y d\u1ef1ng m\u1ed9t n\u1ec1n t\u1ea3ng c\u00f4ng ngh\u1ec7 d\u00e0nh ri\u00eang cho B\u0110S, c\u00f3 t\u00ean g\u1ecdi TMS (Transaction management system), gi\u00fap kh\u1edbp n\u1ed1i ch\u00ednh x\u00e1c s\u1ea3n ph\u1ea9m c\u1ee7a ch\u1ee7 \u0111\u1ea7u t\u01b0 v\u1edbi t\u1eebng t\u1ec7p kh\u00e1ch h\u00e0ng ph\u00f9 h\u1ee3p, v\u00e0 ng\u01b0\u1ee3c l\u1ea1i, kh\u00e1ch h\u00e0ng c\u00f3 th\u1ec3 t\u00ecm th\u1ea5y ng\u00f4i nh\u00e0 trong m\u01a1 ch\u1ec9 b\u1eb1ng m\u1ed9t c\u00fa ch\u1ea1m.<\/p>\n<p>TMS t\u1ed1i \u01b0u v\u00e0 \u0111\u01a1n gi\u1ea3n h\u00f3a t\u1eeb A \u0111\u1ebfn Z to\u00e0n b\u1ed9 ho\u1ea1t \u0111\u1ed9ng kinh doanh gi\u1eefa ch\u1ee7 \u0111\u1ea7u t\u01b0 v\u1edbi m\u00f4i gi\u1edbi v\u00e0 kh\u00e1ch h\u00e0ng. Gi\u1edd \u0111\u00e2y, ch\u1ee7 \u0111\u1ea7u t\u01b0 c\u00f3 to\u00e0n quy\u1ec1n ch\u1ee7 \u0111\u1ed9ng ki\u1ec3m so\u00e1t m\u1ecdi ho\u1ea1t \u0111\u1ed9ng kinh doanh v\u00e0 gia t\u0103ng doanh s\u1ed1 b\u00e1n h\u00e0ng nhanh ch\u00f3ng, hi\u1ec7u qu\u1ea3.<\/p>\n<p><img decoding=\"async\" width=\"320\" height=\"301\" data-src=\"https:\/\/reti.vn\/blog\/wp-content\/uploads\/2020\/05\/i-mac-may-tinh-1.png\" alt=\"\" data-srcset=\"https:\/\/reti.vn\/blog\/wp-content\/uploads\/2020\/05\/i-mac-may-tinh-1.png 320w, https:\/\/reti.vn\/blog\/wp-content\/uploads\/2020\/05\/i-mac-may-tinh-1-300x282.png 300w\" data-sizes=\"auto, (max-width: 320px) 100vw, 320px\" src=\"data:image\/svg+xml;base64,PHN2ZyB3aWR0aD0iMSIgaGVpZ2h0PSIxIiB4bWxucz0iaHR0cDovL3d3dy53My5vcmcvMjAwMC9zdmciPjwvc3ZnPg==\" class=\"lazyload\" style=\"--smush-placeholder-width: 320px; --smush-placeholder-aspect-ratio: 320\/301;\"><br \/>\n<img decoding=\"async\" width=\"184\" height=\"399\" data-src=\"https:\/\/reti.vn\/blog\/wp-content\/uploads\/2020\/05\/REPORT-1-1.png\" alt=\"\" data-srcset=\"https:\/\/reti.vn\/blog\/wp-content\/uploads\/2020\/05\/REPORT-1-1.png 184w, https:\/\/reti.vn\/blog\/wp-content\/uploads\/2020\/05\/REPORT-1-1-138x300.png 138w\" data-sizes=\"auto, (max-width: 184px) 100vw, 184px\" src=\"data:image\/svg+xml;base64,PHN2ZyB3aWR0aD0iMSIgaGVpZ2h0PSIxIiB4bWxucz0iaHR0cDovL3d3dy53My5vcmcvMjAwMC9zdmciPjwvc3ZnPg==\" class=\"lazyload\" style=\"--smush-placeholder-width: 184px; --smush-placeholder-aspect-ratio: 184\/399;\"><br \/>\n<img decoding=\"async\" width=\"202\" height=\"360\" data-src=\"https:\/\/reti.vn\/blog\/wp-content\/uploads\/2020\/05\/HOMEPAGE-2-1-1.png\" alt=\"\" data-srcset=\"https:\/\/reti.vn\/blog\/wp-content\/uploads\/2020\/05\/HOMEPAGE-2-1-1.png 202w, https:\/\/reti.vn\/blog\/wp-content\/uploads\/2020\/05\/HOMEPAGE-2-1-1-168x300.png 168w\" data-sizes=\"auto, (max-width: 202px) 100vw, 202px\" src=\"data:image\/svg+xml;base64,PHN2ZyB3aWR0aD0iMSIgaGVpZ2h0PSIxIiB4bWxucz0iaHR0cDovL3d3dy53My5vcmcvMjAwMC9zdmciPjwvc3ZnPg==\" class=\"lazyload\" style=\"--smush-placeholder-width: 202px; --smush-placeholder-aspect-ratio: 202\/360;\"><\/p>\n<h2>C\u00e1c \u0111\u1ed1i t\u00e1c c\u1ee7a RETI<\/h2>\n<figure><img decoding=\"async\" data-src=\"https:\/\/reti.vn\/blog\/wp-content\/uploads\/2020\/05\/7.jpg\" alt=\"7\" src=\"data:image\/svg+xml;base64,PHN2ZyB3aWR0aD0iMSIgaGVpZ2h0PSIxIiB4bWxucz0iaHR0cDovL3d3dy53My5vcmcvMjAwMC9zdmciPjwvc3ZnPg==\" class=\"lazyload\" style=\"--smush-placeholder-width: 300px; --smush-placeholder-aspect-ratio: 300\/300;\"><\/figure>\n<figure><img decoding=\"async\" data-src=\"https:\/\/reti.vn\/blog\/wp-content\/uploads\/2020\/05\/10.jpg\" alt=\"10\" src=\"data:image\/svg+xml;base64,PHN2ZyB3aWR0aD0iMSIgaGVpZ2h0PSIxIiB4bWxucz0iaHR0cDovL3d3dy53My5vcmcvMjAwMC9zdmciPjwvc3ZnPg==\" class=\"lazyload\" style=\"--smush-placeholder-width: 300px; --smush-placeholder-aspect-ratio: 300\/300;\"><\/figure>\n<figure><img decoding=\"async\" data-src=\"https:\/\/reti.vn\/blog\/wp-content\/uploads\/2020\/05\/8.jpg\" alt=\"8\" src=\"data:image\/svg+xml;base64,PHN2ZyB3aWR0aD0iMSIgaGVpZ2h0PSIxIiB4bWxucz0iaHR0cDovL3d3dy53My5vcmcvMjAwMC9zdmciPjwvc3ZnPg==\" class=\"lazyload\" style=\"--smush-placeholder-width: 300px; --smush-placeholder-aspect-ratio: 300\/300;\"><\/figure>\n<figure><img decoding=\"async\" data-src=\"https:\/\/reti.vn\/blog\/wp-content\/uploads\/2020\/05\/9.jpg\" alt=\"9\" src=\"data:image\/svg+xml;base64,PHN2ZyB3aWR0aD0iMSIgaGVpZ2h0PSIxIiB4bWxucz0iaHR0cDovL3d3dy53My5vcmcvMjAwMC9zdmciPjwvc3ZnPg==\" class=\"lazyload\" style=\"--smush-placeholder-width: 300px; --smush-placeholder-aspect-ratio: 300\/300;\"><\/figure>\n<figure><img decoding=\"async\" data-src=\"https:\/\/reti.vn\/blog\/wp-content\/uploads\/2020\/05\/11.jpg\" alt=\"11\" src=\"data:image\/svg+xml;base64,PHN2ZyB3aWR0aD0iMSIgaGVpZ2h0PSIxIiB4bWxucz0iaHR0cDovL3d3dy53My5vcmcvMjAwMC9zdmciPjwvc3ZnPg==\" class=\"lazyload\" style=\"--smush-placeholder-width: 300px; --smush-placeholder-aspect-ratio: 300\/300;\"><\/figure>\n<figure><img decoding=\"async\" data-src=\"https:\/\/reti.vn\/blog\/wp-content\/uploads\/2020\/05\/6.jpg\" alt=\"6\" src=\"data:image\/svg+xml;base64,PHN2ZyB3aWR0aD0iMSIgaGVpZ2h0PSIxIiB4bWxucz0iaHR0cDovL3d3dy53My5vcmcvMjAwMC9zdmciPjwvc3ZnPg==\" class=\"lazyload\" style=\"--smush-placeholder-width: 300px; --smush-placeholder-aspect-ratio: 300\/300;\"><\/figure>\n<figure><img decoding=\"async\" data-src=\"https:\/\/reti.vn\/blog\/wp-content\/uploads\/2020\/05\/1-3.jpg\" alt=\"1\" src=\"data:image\/svg+xml;base64,PHN2ZyB3aWR0aD0iMSIgaGVpZ2h0PSIxIiB4bWxucz0iaHR0cDovL3d3dy53My5vcmcvMjAwMC9zdmciPjwvc3ZnPg==\" class=\"lazyload\" style=\"--smush-placeholder-width: 300px; --smush-placeholder-aspect-ratio: 300\/300;\"><\/figure>\n<figure><img decoding=\"async\" data-src=\"https:\/\/reti.vn\/blog\/wp-content\/uploads\/2020\/05\/2-3.jpg\" alt=\"2\" src=\"data:image\/svg+xml;base64,PHN2ZyB3aWR0aD0iMSIgaGVpZ2h0PSIxIiB4bWxucz0iaHR0cDovL3d3dy53My5vcmcvMjAwMC9zdmciPjwvc3ZnPg==\" class=\"lazyload\" style=\"--smush-placeholder-width: 300px; --smush-placeholder-aspect-ratio: 300\/300;\"><\/figure>\n<figure><img decoding=\"async\" data-src=\"https:\/\/reti.vn\/blog\/wp-content\/uploads\/2020\/05\/3-2.jpg\" alt=\"3\" src=\"data:image\/svg+xml;base64,PHN2ZyB3aWR0aD0iMSIgaGVpZ2h0PSIxIiB4bWxucz0iaHR0cDovL3d3dy53My5vcmcvMjAwMC9zdmciPjwvc3ZnPg==\" class=\"lazyload\" style=\"--smush-placeholder-width: 300px; --smush-placeholder-aspect-ratio: 300\/300;\"><\/figure>\n<figure><img decoding=\"async\" data-src=\"https:\/\/reti.vn\/blog\/wp-content\/uploads\/2020\/05\/4-1.jpg\" alt=\"4\" src=\"data:image\/svg+xml;base64,PHN2ZyB3aWR0aD0iMSIgaGVpZ2h0PSIxIiB4bWxucz0iaHR0cDovL3d3dy53My5vcmcvMjAwMC9zdmciPjwvc3ZnPg==\" class=\"lazyload\" style=\"--smush-placeholder-width: 300px; --smush-placeholder-aspect-ratio: 300\/300;\"><\/figure>\n<figure><img decoding=\"async\" data-src=\"https:\/\/reti.vn\/blog\/wp-content\/uploads\/2020\/05\/5.jpg\" alt=\"5\" src=\"data:image\/svg+xml;base64,PHN2ZyB3aWR0aD0iMSIgaGVpZ2h0PSIxIiB4bWxucz0iaHR0cDovL3d3dy53My5vcmcvMjAwMC9zdmciPjwvc3ZnPg==\" class=\"lazyload\" style=\"--smush-placeholder-width: 300px; --smush-placeholder-aspect-ratio: 300\/300;\"><\/figure>\n<p><svg xmlns=\"http:\/\/www.w3.org\/2000\/svg\" width=\"25\" height=\"13\" viewBox=\"0 0 25 13\" fill=\"none\"><path d=\"M11.3346 12.5519L0.422034 2.01219C0.361743 1.96043 0.321549 1.90866 0.274657 1.85043C0.207667 1.77926 0.147377 1.70162 0.107183 1.61751C0.0937852 1.59163 0.0803873 1.55928 0.0669894 1.52693C0.0334947 1.43635 0.0133979 1.34577 0.00669894 1.25519C0 1.22284 0 1.18402 0 1.1452C0 1.06756 0.0267958 0.989918 0.0468926 0.912277C0.0602905 0.873457 0.0669894 0.821696 0.0870863 0.782876C0.140678 0.679355 0.207667 0.575834 0.301452 0.485254C0.535916 0.232922 0.884261 0.0517604 1.2929 0L23.7746 0.00647005C24.8665 0.00647005 25.4091 1.28107 24.6387 2.02513L13.7261 12.5648C13.1232 13.1536 11.9643 13.1407 11.3346 12.5519Z\" fill=\"#EF5B40\"><\/path><\/svg><br \/>\n<svg xmlns=\"http:\/\/www.w3.org\/2000\/svg\" width=\"30\" height=\"16\" viewBox=\"0 0 30 16\" fill=\"none\"><path d=\"M13.6015 15.4485L0.50644 2.47654C0.434092 2.41283 0.385859 2.34913 0.329588 2.27746C0.249201 2.18986 0.176852 2.09431 0.12862 1.99078C0.112542 1.95893 0.0964648 1.91912 0.0803873 1.8793C0.0401937 1.76782 0.0160775 1.65633 0.00803873 1.54485C0 1.50503 0 1.45725 0 1.40948C0 1.31392 0.0321549 1.21836 0.0562711 1.1228C0.0723486 1.07502 0.0803873 1.01132 0.104504 0.96354C0.168813 0.836129 0.249201 0.708719 0.361743 0.597235C0.643099 0.286673 1.06111 0.0637051 1.55148 0L28.5295 0.00796314C29.8398 0.00796314 30.4909 1.5767 29.5665 2.49246L16.4714 15.4644C15.7479 16.1891 14.3572 16.1731 13.6015 15.4485Z\" fill=\"#EF5B40\"><\/path><\/svg><\/p>\n<h2>\u0110\u0103ng k\u00fd nh\u1eadn t\u01b0 v\u1ea5n ngay<\/h2>\n<h1>RETI ti\u00ean phong ph\u00e1t tri\u1ec3n v\u00e0 cung c\u1ea5p<br \/>\nN\u1ec1n t\u1ea3ng c\u00f4ng ngh\u1ec7 B\u0110S to\u00e0n di\u1ec7n<\/h1>\n","protected":false},"excerpt":{"rendered":"<p>N\u1ec0N T\u1ea2NG GIAO D\u1ecaCH B\u1ea4T \u0110\u1ed8NG S\u1ea2N TR\u1ef0C TUY\u1ebeN \u0110\u1ea6U TI\u00caN T\u1ea0I VI\u1ec6T NAM Ch\u1ee7 \u0111\u1ea7u t\u01b0 B\u0110S c\u00f3 \u0111ang g\u1eb7p ph\u1ea3i c\u00e1c v\u1ea5n \u0111\u1ec1? [elementor-template id=&#8221;4270&#8243;] RETI c\u00f3 th\u1ec3 gi\u00fap ch\u1ee7 \u0111\u1ea7u t\u01b0 B\u0110S b\u1eb1ng c\u00e1ch n\u00e0o? RETI cung c\u1ea5p gi\u1ea3i ph\u00e1p tr\u1ecdn g\u00f3i t\u1eeb A \u0111\u1ebfn Z d\u00e0nh cho c\u00e1c s\u00e0n\/\u0111\u1ea1i l\u00fd, m\u00f4i [&hellip;]<\/p>\n","protected":false},"author":36,"featured_media":0,"parent":0,"menu_order":0,"comment_status":"closed","ping_status":"closed","template":"","meta":{"tdm_status":"","tdm_grid_status":"","footnotes":""},"class_list":["post-4244","page","type-page","status-publish"],"_links":{"self":[{"href":"https:\/\/reti.vn\/blog\/wp-json\/wp\/v2\/pages\/4244","targetHints":{"allow":["GET"]}}],"collection":[{"href":"https:\/\/reti.vn\/blog\/wp-json\/wp\/v2\/pages"}],"about":[{"href":"https:\/\/reti.vn\/blog\/wp-json\/wp\/v2\/types\/page"}],"author":[{"embeddable":true,"href":"https:\/\/reti.vn\/blog\/wp-json\/wp\/v2\/users\/36"}],"replies":[{"embeddable":true,"href":"https:\/\/reti.vn\/blog\/wp-json\/wp\/v2\/comments?post=4244"}],"version-history":[{"count":0,"href":"https:\/\/reti.vn\/blog\/wp-json\/wp\/v2\/pages\/4244\/revisions"}],"wp:attachment":[{"href":"https:\/\/reti.vn\/blog\/wp-json\/wp\/v2\/media?parent=4244"}],"curies":[{"name":"wp","href":"https:\/\/api.w.org\/{rel}","templated":true}]}}